1 + 11022?
11021
In base 6, what is 10013 + -5?
10004
In base 6, what is -3 + -2542?
-2545
In base 13, what is -7 - 6?
-10
In base 9, what is 3 - -24?
27
In base 7, what is 143 - -22?
165
In base 13, what is 2 + -36?
-34
In base 13, what is cc7 + 3?
cca
In base 3, what is -1212201110 + -2?
-1212201112
In base 4, what is -20 + 10020?
10000
In base 16, what is 5 - 10fe?
-10f9
In base 2, what is -1100001111 + 10?
-1100001101
In base 16, what is -7 + -80b?
-812
In base 12, what is 2 - 136?
-134
In base 7, what is -1342 + -2?
-1344
In base 12, what is b2a - -a?
b38
In base 13, what is -2 - -1412?
1410
In base 10, what is 3 + 2588?
2591
In base 6, what is 3254 + 0?
3254
In base 3, what is -20102 + 12?
-20020
In base 7, what is -15 - 10?
-25
In base 13, what is 3 - -7?
a
In base 14, what is -8a - 5?
-91
In base 5, what is -3124 + 2?
-3122
In base 9, what is -3 + 77?
74
In base 4, what is -11 - 1010?
-1021
In base 3, what is -1212200 + -2?
-1212202
In base 7, what is -2 - 3?
-5
In base 14, what is -890 + 2?
-88c
In base 10, what is -22111 + 0?
-22111
In base 13, what is -b - -b1?
a3
In base 12, what is -5 - -31ba?
31b5
In base 10, what is -521 + 4?
-517
In base 3, what is 2 - -20120200?
20120202
In base 9, what is -55 - 33?
-88
In base 16, what is -32 + 26?
-c
In base 10, what is -7 - -60?
53
In base 16, what is -89 + -5b?
-e4
In base 2, what is -10001 + -1011101?
-1101110
In base 13, what is -a2 - -7?
-98
In base 2, what is -110 - -1010?
100
In base 5, what is -20 - 2?
-22
In base 13, what is -1 + 2b8?
2b7
In base 8, what is -451 + -14?
-465
In base 6, what is -233 - -5?
-224
In base 8, what is 4 - -17?
23
In base 12, what is 51 + 2?
53
In base 3, what is -11 - -122110?
122022
In base 12, what is -1186 - 0?
-1186
In base 10, what is -84 + 4?
-80
In base 9, what is 343 - -1?
344
In base 14, what is 7 + aa?
b3
In base 8, what is -216 - -1?
-215
In base 9, what is -2174 + 3?
-2171
In base 3, what is -1020102 - -1?
-1020101
In base 4, what is 0 + -1021?
-1021
In base 8, what is 0 - 131?
-131
In base 11, what is 5 - 50?
-46
In base 16, what is -d5 + 5?
-d0
In base 10, what is -404 + -3?
-407
In base 3, what is 10022 - -1?
10100
In base 14, what is -6d5 - 5?
-6da
In base 14, what is 3 - 636?
-633
In base 5, what is 24 + -12012?
-11433
In base 16, what is -75 + -6?
-7b
In base 7, what is -5 + -5663?
-6001
In base 8, what is -10 - 2777?
-3007
In base 13, what is -c7c + 3?
-c79
In base 15, what is b0 + 1?
b1
In base 9, what is 4 - 200?
-185
In base 11, what is 8 - -153?
160
In base 8, what is -3 + -25?
-30
In base 15, what is 188 + -1?
187
In base 7, what is -201 - 23?
-224
In base 15, what is -1 - -1a6?
1a5
In base 4, what is -3 + 1010?
1001
In base 15, what is 13 + 18?
2b
In base 10, what is 5 - 185?
-180
In base 10, what is -10 + -350?
-360
In base 8, what is -6 - -216?
210
In base 14, what is -62c + 5?
-627
In base 4, what is 2 + -1001?
-333
In base 7, what is 55 + -4?
51
In base 9, what is -2632 + 4?
-2627
In base 15, what is 24d1 + 1?
24d2
In base 11, what is 18 - -42?
5a
In base 4, what is 3223 + 310?
10133
In base 2, what is -10 + 1010010?
1010000
In base 14, what is -5c64 + -5?
-5c69
In base 7, what is -442 - -5?
-434
In base 10, what is -10 - -86?
76
In base 7, what is 2 - -12653?
12655
In base 11, what is -2314 + 0?
-2314
In base 11, what is -7443 - 0?
-7443
In base 16, what is -23c1 + 2?
-23bf
In base 5, what is 1012311 - 4?
1012302
In base 15, what is -58 - -10?
-48
In base 9, what is 217 - -7?
225
In base 10, what is -141 + -7?
-148
In base 14, what is 40 - 9?
35
In base 15, what is -5e4 + 1?
-5e3
In base 6, what is 3 + 14101?
14104
In base 10, what is 427 + 1?
428
In base 10, what is -10 + 16?
6
In base 9, what is 4 - -3222?
3226
In base 14, what is 18 - -19?
33
In base 2, what is 101 - 10011111111?
-10011111010
In base 15, what is -22 - -3e?
1c
In base 14, what is -23 - -118?
d5
In base 10, what is -47 - 62?
-109
In base 16, what is a - -b8?
c2
In base 11, what is 22 + -1a?
3
In base 8, what is -73 + -161?
-254
In base 11, what is 50613 + -5?
50609
In base 8, what is 36 + -3?
33
In base 11, what is 2457 + 4?
2460
In base 7, what is 13 - -26?
42
In base 4, what is -1 + 2210?
2203
In base 8, what is 105 + -142?
-35
In base 16, what is -318 - -3?
-315
In base 16, what is -478 - c?
-484
In base 3, what is 2121 + 12?
2210
In base 5, what is -2023234 - 3?
-2023242
In base 15, what is 2 - 56?
-54
In base 3, what is 0 - 21101?
-21101
In base 2, what is -11010 - -11100?
10
In base 10, what is -40 + 149?
109
In base 11, what is 10 + -20?
-10
In base 8, what is 2 - -72?
74
In base 10, what is -1 + -4?
-5
In base 5, what is -12214 - -3?
-12211
In base 4, what is -10 - -231?
221
In base 6, what is 100 + -15?
41
In base 2, what is -11 + 1111000?
1110101
In base 8, what is -4 + -66?
-72
In base 11, what is -8 + a?
2
In base 16, what is 1691 - -4?
1695
In base 15, what is -4 + -28?
-2c
In base 6, what is -2 + -41?
-43
In base 4, what is -12 + -1023?
-1101
In base 12, what is 401 + 5?
406
In base 3, what is 101 + 21?
122
In base 9, what is -21 + -34?
-55
In base 14, what is -6d - -5?
-68
In base 15, what is -1 - -2b2?
2b1
In base 5, what is -4 + 14111?
14102
In base 16, what is 5d7 + -2?
5d5
In base 8, what is 51 - 2?
47
In base 3, what is -2110 + 2?
-2101
In base 11, what is -1495 + -4?
-1499
In base 15, what is -bdb - -2?
-bd9
In base 14, what is -7 - -3?
-4
In base 3, what is -1001121 - 11?
-1001202
In base 8, what is -4 - -114?
110
In base 10, what is -100 - 4?
-104
In base 7, what is 0 + 25412?
25412
In base 9, what is 0 + -131?
-131
In base 2, what is -11010001 - -11?
-11001110
In base 11, what is 7 - 49?
-42
In base 8, what is -605 - -1?
-604
In base 8, what is -42 - 11?
-53
In base 16, what is -15 + 1bd?
1a8
In base 3, what is 10201 - 0?
10201
In base 13, what is -3 - -18c8?
18c5
In base 6, what is 3100 + -14?
3042
In base 9, what is -3 - 3817?
-3821
In base 13, what is -5 + -163?
-168
In base 11, what is 1094 + -2?
1092
In base 12, what is -85 + 4?
-81
In base 5, what is 1 - -123?
124
In base 6, what is 11 + 11?
22
In base 3, what is 2 - 20010?
-20001
In base 14, what is 0 + 23?
23
In base 3, what is 11 + 1012002?
1012020
In base 15, what is 4 + 8?
c
In base 15, what is -4 - -35?
31
In base 10, what is 3 - -77?
80
In base 4, what is 3 + 322211?
322220
In base 9, what is 2 + 220?
222
In base 2, what is 101 - -1001000?
1001101
In base 14, what is 4 - 28?
-24
In base 3, what is 1202 + -1101?
101
In base 10, what is 85 - 27?
58
In base 13, what is -17 + 9?
-b
In base 8, what is 1 - 4664?
-4663
In base 16, what is -c + 178?
16c
In base 14, what is 0 + -72c?
-72c
In base 12, what is 187 - 9?
17a
In base 16, what is 1 - -410?
411
In base 16, what is 1 - -ed?
ee
In base 7, what is 154 + -232?
-45
In base 12, what is -1198 - 13?
-11ab
In base 12, what is -4 + 212?
20a
In base 5, what is 42214 - 1?
42213
In base 10, what is 6 + -1870?
-1864
In base 7, what is 213 - 12?
201
In base 12, what is -650 + 1?
-64b
In base 6, what is 1 - 3024?
-3023
In base 11, what is -9425 + 4?
-9421
In base 6, what is 12225 + -4?
12221
In base 2, what is -101 - 10100?
-11001
In base 8, what is 1461 + -1?
1460
In base 7, what is -22 + 452?
430
In base 15, what is -201 - -c?
-1e4
In base 10, what is 3 + 149?
152
In base 8, what is 61 + 1?
62
In base 12, what is 46 - -14?
5a
In base 6, what is -2 + -233?
-235
In base 9, what is -571 + 0?
-571
In base 8, what is -1576 + 3?
-1573
In base 14, what is 9 + -1cd?
-1c4
In base 8, what is 3 - -40?
43
In base 8, what is -144 + -53?
-217
In base 8, what is 231 - 13?
216
In base 12, what is 8 + -57?
-4b
In base 8, what is -20 + 101?
61
In base 8, what is 3 - 40?
-35
In base 14, what is 1 - 1bc?
-1bb
In base 9, what is 7 + -15?
-7
In base 4, what is -10013 - 210?
-10223
In base 16, what is 5 - -16?
1b
In base 9, what is 2 - 23?
-21
In base 14, what is 4539 - -4?
453d
In base 11, what is 10 + -12?
-2
In base 11, what is -5 + 94?
8a
In base 4, what is 20 - -322?
1002
In base 5, what is -24 + 20?
-4
In base 16, what is 22d + -5?
228
In base 10, what is 3 + -3?
0
In base 13, what is 3c - 1b?
21
In base 5, what is 0 + 210?
210
In base 13, what is -2 - -263?
261
In base 8, what is 3 - -153?
156
In base 6, what is -55 - -140?
41
In base 13, what is 